{"id":887,"date":"2025-02-17T18:59:46","date_gmt":"2025-02-17T18:59:46","guid":{"rendered":"https:\/\/friedenkonflikt-nrw.de\/?page_id=887"},"modified":"2025-04-22T09:34:51","modified_gmt":"2025-04-22T09:34:51","slug":"profil-der-friedens-und-konfliktforschung-nrw-2","status":"publish","type":"page","link":"https:\/\/friedenkonflikt-nrw.de\/index.php\/profil-der-friedens-und-konfliktforschung-nrw-2\/","title":{"rendered":"Profil der Friedens- und Konfliktforschung NRW"},"content":{"rendered":"\n<p>Als interdisziplin\u00e4res Forschungsfeld leistet die Friedens- und Konfliktforschung wertvolle Grundlagenforschung und arbeitet ebenfalls intensiv an anwendungsorientierten Fragestellungen. Die Forschungslandschaft der Friedens- und Konfliktforschung in NRW l\u00e4sst sich um drei zentrale Themenbereiche gruppieren.<\/p>\n\n\n\n<div style=\"height:100px\" aria-hidden=\"true\" class=\"wp-block-spacer\"><\/div>\n\n\n\n<section id=\"wp-block-themeisle-blocks-advanced-columns-e4373a2b\" class=\"wp-block-themeisle-blocks-advanced-columns alignfull has-1-columns has-desktop-equal-layout has-tablet-equal-layout has-mobile-equal-layout has-vertical-flex-start has-dark-bg\"><div class=\"wp-block-themeisle-blocks-advanced-columns-overlay\"><\/div><div class=\"innerblocks-wrap\">\n<div id=\"wp-block-themeisle-blocks-advanced-column-0b9db5af\" class=\"wp-block-themeisle-blocks-advanced-column\">\n<section id=\"wp-block-themeisle-blocks-advanced-columns-6fc7adce\" class=\"wp-block-themeisle-blocks-advanced-columns has-3-columns has-desktop-equal-layout has-tablet-equal-layout has-mobile-collapsedRows-layout has-vertical-flex-start\"><div class=\"wp-block-themeisle-blocks-advanced-columns-overlay\"><\/div><div class=\"innerblocks-wrap\">\n<div id=\"wp-block-themeisle-blocks-advanced-column-25e97a9a\" class=\"wp-block-themeisle-blocks-advanced-column\">\n<h4 id=\"wp-block-themeisle-blocks-advanced-heading-72a9f7c8\" class=\"wp-block-themeisle-blocks-advanced-heading wp-block-themeisle-blocks-advanced-heading-72a9f7c8\"><em>Innergesellschaftliche Konflikt- und Gewaltforschung,<\/em><\/h4>\n\n\n\n<p id=\"wp-block-themeisle-blocks-advanced-heading-a5f28f8f\" class=\"wp-block-themeisle-blocks-advanced-heading wp-block-themeisle-blocks-advanced-heading-a5f28f8f\"> die sich insbesondere auch auf westliche Industriegesellschaften mit ihren aktuellen Herausforderungen bezieht, unter anderem im Zusammenhang mit Migration, Diskriminierung, gesellschaftlicher Polarisierung und Zusammenhalt.<\/p>\n<\/div>\n\n\n\n<div id=\"wp-block-themeisle-blocks-advanced-column-b5b3ad1c\" class=\"wp-block-themeisle-blocks-advanced-column\">\n<h4 id=\"wp-block-themeisle-blocks-advanced-heading-067b6e63\" class=\"wp-block-themeisle-blocks-advanced-heading wp-block-themeisle-blocks-advanced-heading-067b6e63\"><em>Entwicklungspolitische Friedensforschung, Forschung zum Friedenssicherungs- und humanit\u00e4ren V\u00f6lkerrecht,<\/em><\/h4>\n\n\n\n<p id=\"wp-block-themeisle-blocks-advanced-heading-7b136259\" class=\"wp-block-themeisle-blocks-advanced-heading wp-block-themeisle-blocks-advanced-heading-7b136259\"> die in Zeiten von Klimawandel, humanit\u00e4ren Notlagen und Kontinent \u00fcbergreifenden Fluchtbewegungen an Bedeutung gewinnen.<\/p>\n<\/div>\n\n\n\n<div id=\"wp-block-themeisle-blocks-advanced-column-6be03cf4\" class=\"wp-block-themeisle-blocks-advanced-column\">\n<h4 id=\"wp-block-themeisle-blocks-advanced-heading-57826d4c\" class=\"wp-block-themeisle-blocks-advanced-heading wp-block-themeisle-blocks-advanced-heading-57826d4c\"><em>Naturwissenschaftlich-technische Friedens- und Konfliktforschung,<\/em><\/h4>\n\n\n\n<p id=\"wp-block-themeisle-blocks-advanced-heading-9962089c\" class=\"wp-block-themeisle-blocks-advanced-heading wp-block-themeisle-blocks-advanced-heading-9962089c\">in der zur Rolle von Technologie f\u00fcr globale Sicherheit geforscht wird, etwa zu \u00dcberpr\u00fcfungsmechanismen zur Einhaltung von R\u00fcstungskontroll- und Nichtverbreitungsabkommen oder zur pr\u00e4ventiven Regulierung neuer milit\u00e4risch nutzbarer Technologien.<\/p>\n<\/div>\n<\/div><\/section>\n<\/div>\n<\/div><\/section>\n\n\n\n<div style=\"height:100px\" aria-hidden=\"true\" class=\"wp-block-spacer\"><\/div>\n\n\n\n<div id=\"wp-block-themeisle-blocks-advanced-columns-675708d5\" class=\"wp-block-themeisle-blocks-advanced-columns alignfull has-1-columns has-desktop-equal-layout has-tablet-equal-layout has-mobile-equal-layout has-vertical-unset\"><div class=\"wp-block-themeisle-blocks-advanced-columns-overlay\"><\/div><div class=\"innerblocks-wrap\">\n<div id=\"wp-block-themeisle-blocks-advanced-column-2db79ef8\" class=\"wp-block-themeisle-blocks-advanced-column\">\n<\/div>\n<\/div><\/div>\n\n\n\n<p><\/p>\n","protected":false},"excerpt":{"rendered":"<p>Als interdisziplin\u00e4res Forschungsfeld leistet die Friedens- und Konfliktforschung wertvolle Grundlagenforschung und arbeitet ebenfalls intensiv an anwendungsorientierten Fragestellungen. Die Forschungslandschaft der Friedens- und Konfliktforschung in NRW l\u00e4sst sich um drei zentrale Themenbereiche gruppieren.<\/p>\n","protected":false},"author":1,"featured_media":0,"parent":0,"menu_order":0,"comment_status":"closed","ping_status":"closed","template":"","meta":{"inline_featured_image":false,"_themeisle_gutenberg_block_has_review":false,"footnotes":""},"class_list":["post-887","page","type-page","status-publish","hentry"],"_links":{"self":[{"href":"https:\/\/friedenkonflikt-nrw.de\/index.php\/wp-json\/wp\/v2\/pages\/887"}],"collection":[{"href":"https:\/\/friedenkonflikt-nrw.de\/index.php\/wp-json\/wp\/v2\/pages"}],"about":[{"href":"https:\/\/friedenkonflikt-nrw.de\/index.php\/wp-json\/wp\/v2\/types\/page"}],"author":[{"embeddable":true,"href":"https:\/\/friedenkonflikt-nrw.de\/index.php\/wp-json\/wp\/v2\/users\/1"}],"replies":[{"embeddable":true,"href":"https:\/\/friedenkonflikt-nrw.de\/index.php\/wp-json\/wp\/v2\/comments?post=887"}],"version-history":[{"count":14,"href":"https:\/\/friedenkonflikt-nrw.de\/index.php\/wp-json\/wp\/v2\/pages\/887\/revisions"}],"predecessor-version":[{"id":1040,"href":"https:\/\/friedenkonflikt-nrw.de\/index.php\/wp-json\/wp\/v2\/pages\/887\/revisions\/1040"}],"wp:attachment":[{"href":"https:\/\/friedenkonflikt-nrw.de\/index.php\/wp-json\/wp\/v2\/media?parent=887"}],"curies":[{"name":"wp","href":"https:\/\/api.w.org\/{rel}","templated":true}]}}

<p>Als interdisziplinäres Forschungsfeld leistet die Friedens- und Konfliktforschung wertvolle Grundlagenforschung und arbeitet ebenfalls intensiv an anwendungsorientierten Fragestellungen. Die Forschungslandschaft der Friedens- und Konfliktforschung in NRW lässt sich um drei zentrale Themenbereiche gruppieren.</p>



<div style="height:100px" aria-hidden="true" class="wp-block-spacer"></div>



<section id="wp-block-themeisle-blocks-advanced-columns-e4373a2b" class="wp-block-themeisle-blocks-advanced-columns alignfull has-1-columns has-desktop-equal-layout has-tablet-equal-layout has-mobile-equal-layout has-vertical-flex-start has-dark-bg"><div class="wp-block-themeisle-blocks-advanced-columns-overlay"></div><div class="innerblocks-wrap">
<div id="wp-block-themeisle-blocks-advanced-column-0b9db5af" class="wp-block-themeisle-blocks-advanced-column">
<section id="wp-block-themeisle-blocks-advanced-columns-6fc7adce" class="wp-block-themeisle-blocks-advanced-columns has-3-columns has-desktop-equal-layout has-tablet-equal-layout has-mobile-collapsedRows-layout has-vertical-flex-start"><div class="wp-block-themeisle-blocks-advanced-columns-overlay"></div><div class="innerblocks-wrap">
<div id="wp-block-themeisle-blocks-advanced-column-25e97a9a" class="wp-block-themeisle-blocks-advanced-column">
<h4 id="wp-block-themeisle-blocks-advanced-heading-72a9f7c8" class="wp-block-themeisle-blocks-advanced-heading wp-block-themeisle-blocks-advanced-heading-72a9f7c8"><em>Innergesellschaftliche Konflikt- und Gewaltforschung,</em></h4>



<p id="wp-block-themeisle-blocks-advanced-heading-a5f28f8f" class="wp-block-themeisle-blocks-advanced-heading wp-block-themeisle-blocks-advanced-heading-a5f28f8f"> die sich insbesondere auch auf westliche Industriegesellschaften mit ihren aktuellen Herausforderungen bezieht, unter anderem im Zusammenhang mit Migration, Diskriminierung, gesellschaftlicher Polarisierung und Zusammenhalt.</p>
</div>



<div id="wp-block-themeisle-blocks-advanced-column-b5b3ad1c" class="wp-block-themeisle-blocks-advanced-column">
<h4 id="wp-block-themeisle-blocks-advanced-heading-067b6e63" class="wp-block-themeisle-blocks-advanced-heading wp-block-themeisle-blocks-advanced-heading-067b6e63"><em>Entwicklungspolitische Friedensforschung, Forschung zum Friedenssicherungs- und humanitären Völkerrecht,</em></h4>



<p id="wp-block-themeisle-blocks-advanced-heading-7b136259" class="wp-block-themeisle-blocks-advanced-heading wp-block-themeisle-blocks-advanced-heading-7b136259"> die in Zeiten von Klimawandel, humanitären Notlagen und Kontinent übergreifenden Fluchtbewegungen an Bedeutung gewinnen.</p>
</div>



<div id="wp-block-themeisle-blocks-advanced-column-6be03cf4" class="wp-block-themeisle-blocks-advanced-column">
<h4 id="wp-block-themeisle-blocks-advanced-heading-57826d4c" class="wp-block-themeisle-blocks-advanced-heading wp-block-themeisle-blocks-advanced-heading-57826d4c"><em>Naturwissenschaftlich-technische Friedens- und Konfliktforschung,</em></h4>



<p id="wp-block-themeisle-blocks-advanced-heading-9962089c" class="wp-block-themeisle-blocks-advanced-heading wp-block-themeisle-blocks-advanced-heading-9962089c">in der zur Rolle von Technologie für globale Sicherheit geforscht wird, etwa zu Überprüfungsmechanismen zur Einhaltung von Rüstungskontroll- und Nichtverbreitungsabkommen oder zur präventiven Regulierung neuer militärisch nutzbarer Technologien.</p>
</div>
</div></section>
</div>
</div></section>



<div style="height:100px" aria-hidden="true" class="wp-block-spacer"></div>



<div id="wp-block-themeisle-blocks-advanced-columns-675708d5" class="wp-block-themeisle-blocks-advanced-columns alignfull has-1-columns has-desktop-equal-layout has-tablet-equal-layout has-mobile-equal-layout has-vertical-unset"><div class="wp-block-themeisle-blocks-advanced-columns-overlay"></div><div class="innerblocks-wrap">
<div id="wp-block-themeisle-blocks-advanced-column-2db79ef8" class="wp-block-themeisle-blocks-advanced-column">
</div>
</div></div>



<p></p>

<p>Als interdisziplinäres Forschungsfeld leistet die Friedens- und Konfliktforschung wertvolle Grundlagenforschung und arbeitet ebenfalls intensiv an anwendungsorientierten Fragestellungen. Die Forschungslandschaft der Friedens- und Konfliktforschung in NRW lässt sich um drei zentrale Themenbereiche gruppieren.</p>
